

{"id":599,"date":"2023-03-30T10:44:38","date_gmt":"2023-03-30T08:44:38","guid":{"rendered":"https:\/\/associations.lunel.com\/asptt\/?page_id=599"},"modified":"2023-03-30T10:44:38","modified_gmt":"2023-03-30T08:44:38","slug":"sports-collectifs","status":"publish","type":"page","link":"https:\/\/associations.lunel.com\/asptt\/sports-collectifs\/","title":{"rendered":"Sports collectifs"},"content":{"rendered":"\n<p>Voici toutes nos activit\u00e9s en rapport avec les sports collectifs ! <\/p>\n\n\n\n<figure class=\"wp-block-table is-style-regular\"><table><tbody><tr><td><strong>Activit\u00e9s<\/strong><\/td><td><strong>\u00c2ge<\/strong><\/td><td><strong>Date<\/strong><\/td><td><strong>Horaires<\/strong><\/td><td><strong>Lieux<\/strong><\/td><td>Nous contacter<\/td><\/tr><tr><td><strong>Kidisport<\/strong><\/td><td>3 &#8211; 6 ans<\/td><td>Samedi<\/td><td>9 H &#8211; 12 H<\/td><td>Gymnase Fernand Brunel<\/td><td>06 15 59 61 03<\/td><\/tr><tr><td><strong>Football<\/strong><\/td><td>\u00c0 partir de 5 ans<\/td><td>Tous les jours de la semaine<\/td><td>\u00c0 d\u00e9finir<\/td><td>Complexe Dassargues<\/td><td>06 35 22 66 18<\/td><\/tr><\/tbody><\/table><\/figure>\n","protected":false},"excerpt":{"rendered":"<p>Voici toutes nos activit\u00e9s en rapport avec les sports collectifs ! Activit\u00e9s \u00c2ge Date Horaires Lieux Nous contacter Kidisport 3 &#8211; 6 ans Samedi 9 H &#8211; 12 H Gymnase Fernand Brunel 06 15 59 61 03 Football \u00c0 partir de 5 ans Tous les jours de la semaine \u00c0 d\u00e9finir Complexe Dassargues 06 35&hellip; <br \/> <a class=\"read-more\" href=\"https:\/\/associations.lunel.com\/asptt\/sports-collectifs\/\">Lire la suite<\/a><\/p>\n","protected":false},"author":45,"featured_media":0,"parent":0,"menu_order":0,"comment_status":"closed","ping_status":"closed","template":"","meta":{"_uag_custom_page_level_css":"","footnotes":""},"class_list":["post-599","page","type-page","status-publish","hentry"],"uagb_featured_image_src":{"full":false,"thumbnail":false,"medium":false,"medium_large":false,"large":false,"1536x1536":false,"2048x2048":false,"post-thumbnail":false,"mesmerize-full-hd":false},"uagb_author_info":{"display_name":"mathieuasso","author_link":"https:\/\/associations.lunel.com\/asptt\/author\/mathieuasso\/"},"uagb_comment_info":0,"uagb_excerpt":"Voici toutes nos activit\u00e9s en rapport avec les sports collectifs ! Activit\u00e9s \u00c2ge Date Horaires Lieux Nous contacter Kidisport 3 &#8211; 6 ans Samedi 9 H &#8211; 12 H Gymnase Fernand Brunel 06 15 59 61 03 Football \u00c0 partir de 5 ans Tous les jours de la semaine \u00c0 d\u00e9finir Complexe Dassargues 06 35&hellip;\u2026","_links":{"self":[{"href":"https:\/\/associations.lunel.com\/asptt\/wp-json\/wp\/v2\/pages\/599","targetHints":{"allow":["GET"]}}],"collection":[{"href":"https:\/\/associations.lunel.com\/asptt\/wp-json\/wp\/v2\/pages"}],"about":[{"href":"https:\/\/associations.lunel.com\/asptt\/wp-json\/wp\/v2\/types\/page"}],"author":[{"embeddable":true,"href":"https:\/\/associations.lunel.com\/asptt\/wp-json\/wp\/v2\/users\/45"}],"replies":[{"embeddable":true,"href":"https:\/\/associations.lunel.com\/asptt\/wp-json\/wp\/v2\/comments?post=599"}],"version-history":[{"count":0,"href":"https:\/\/associations.lunel.com\/asptt\/wp-json\/wp\/v2\/pages\/599\/revisions"}],"wp:attachment":[{"href":"https:\/\/associations.lunel.com\/asptt\/wp-json\/wp\/v2\/media?parent=599"}],"curies":[{"name":"wp","href":"https:\/\/api.w.org\/{rel}","templated":true}]}}