

{"id":849,"date":"2021-09-16T17:17:34","date_gmt":"2021-09-16T15:17:34","guid":{"rendered":"https:\/\/associations.lunel.com\/billard-club-lunel\/?page_id=849"},"modified":"2021-10-05T11:18:14","modified_gmt":"2021-10-05T09:18:14","slug":"le-jeu-de-la-9","status":"publish","type":"page","link":"https:\/\/associations.lunel.com\/billard-club-lunel\/le-jeu-de-la-9\/","title":{"rendered":"Le jeu de la 9"},"content":{"rendered":"\n<h1 class=\"has-black-color has-text-color has-large-font-size wp-block-heading\"><strong>JEU DE LA 9<\/strong><\/h1>\n\n\n\n<figure class=\"wp-block-image\"><img decoding=\"async\" src=\"https:\/\/www.ffbillard.com\/medias\/pages\/discipline-americain\/americain-lejeudela91.png\" alt=\"\" \/><\/figure>\n\n\n\n<h2 class=\"has-black-color has-text-color wp-block-heading\"><strong>Principe<\/strong><\/h2>\n\n\n\n<p><strong>Le jeu de la 9 se joue avec la bille blanche et les billes num\u00e9rot\u00e9es de 1 \u00e0 9.<\/strong><\/p>\n\n\n\n<p><strong>Le joueur doit toujours toucher en premier la bille avec le plus petit num\u00e9ro encore pr\u00e9sente sur la table, mais les billes<\/strong> <strong>ne doivent pas \u00eatre empoch\u00e9es obligatoirement par ordre num\u00e9rique.<\/strong><\/p>\n\n\n\n<p><strong>Si le joueur empoche correctement une bille, il continue \u00e0 jouer jusqu\u2019\u00e0 ce qu\u2019il manque, commette une faute ou qu\u2019il gagne en empochant la 9.<\/strong><\/p>\n\n\n\n<p><strong>Apr\u00e8s une faute, l\u2019adversaire a bille en main et il peut placer la blanche n\u2019importe o\u00f9 sur la surface de jeu. Le vainqueur de la partie est celui qui empoche la bille 9 sans faute.<\/strong><\/p>\n\n\n\n<figure class=\"wp-block-image size-full is-resized\"><img loading=\"lazy\" decoding=\"async\" src=\"https:\/\/associations.lunel.com\/billard-club-lunel\/wp-content\/uploads\/sites\/16\/2021\/10\/9ball.jpg\" alt=\"\" class=\"wp-image-1201\" width=\"458\" height=\"256\" \/><\/figure>\n\n\n\n<h2 class=\"has-black-color has-text-color wp-block-heading\"><strong>Strat\u00e9gie<\/strong><\/h2>\n\n\n\n<p><strong>Ex\u00e9cutez une casse d\u2019attaque. Apr\u00e8s celle-ci d\u00e9terminez le meilleur chemin de jeu.<\/strong><\/p>\n\n\n\n<p><strong>Ne tentez pas d\u2019occuper les poches car la bille restant sur la table sera jou\u00e9e par l\u2019adversaire.<\/strong><\/p>\n\n\n\n<p><strong>S\u2019il est impossible d\u2019empocher une bille, envisagez un coup de d\u00e9fense.<\/strong><\/p>\n\n\n\n<p><strong>Ne cherchez pas syst\u00e9matiquement \u00e0 empocher la 9 par le biais des autres billes, mais assurez l\u2019empoche pour parvenir jusqu\u2019\u00e0 elle. (On pr\u00e9conise de jouer une bille de but sur une autre bille de but pour l\u2019empocher seulement dans une<\/strong> <strong>gamme de coups faciles (billes en bord de poches).<\/strong><\/p>\n","protected":false},"excerpt":{"rendered":"<p>JEU DE LA 9 Principe Le jeu de la 9 se joue avec la bille blanche et les billes num\u00e9rot\u00e9es de 1 \u00e0 9. Le joueur doit toujours toucher en premier la bille avec le plus petit num\u00e9ro encore pr\u00e9sente sur la table, mais les billes ne doivent pas \u00eatre empoch\u00e9es obligatoirement par ordre num\u00e9rique.&hellip; <br \/> <a class=\"read-more\" href=\"https:\/\/associations.lunel.com\/billard-club-lunel\/le-jeu-de-la-9\/\">Lire la suite<\/a><\/p>\n","protected":false},"author":22,"featured_media":0,"parent":0,"menu_order":0,"comment_status":"closed","ping_status":"closed","template":"","meta":{"_uag_custom_page_level_css":"","footnotes":""},"class_list":["post-849","page","type-page","status-publish","hentry"],"uagb_featured_image_src":{"full":false,"thumbnail":false,"medium":false,"medium_large":false,"large":false,"1536x1536":false,"2048x2048":false,"post-thumbnail":false,"mesmerize-full-hd":false},"uagb_author_info":{"display_name":"billard-club-lunel","author_link":"https:\/\/associations.lunel.com\/billard-club-lunel\/author\/billard-club-lunel\/"},"uagb_comment_info":0,"uagb_excerpt":"JEU DE LA 9 Principe Le jeu de la 9 se joue avec la bille blanche et les billes num\u00e9rot\u00e9es de 1 \u00e0 9. Le joueur doit toujours toucher en premier la bille avec le plus petit num\u00e9ro encore pr\u00e9sente sur la table, mais les billes ne doivent pas \u00eatre empoch\u00e9es obligatoirement par ordre num\u00e9rique.&hellip;\u2026","_links":{"self":[{"href":"https:\/\/associations.lunel.com\/billard-club-lunel\/wp-json\/wp\/v2\/pages\/849","targetHints":{"allow":["GET"]}}],"collection":[{"href":"https:\/\/associations.lunel.com\/billard-club-lunel\/wp-json\/wp\/v2\/pages"}],"about":[{"href":"https:\/\/associations.lunel.com\/billard-club-lunel\/wp-json\/wp\/v2\/types\/page"}],"author":[{"embeddable":true,"href":"https:\/\/associations.lunel.com\/billard-club-lunel\/wp-json\/wp\/v2\/users\/22"}],"replies":[{"embeddable":true,"href":"https:\/\/associations.lunel.com\/billard-club-lunel\/wp-json\/wp\/v2\/comments?post=849"}],"version-history":[{"count":0,"href":"https:\/\/associations.lunel.com\/billard-club-lunel\/wp-json\/wp\/v2\/pages\/849\/revisions"}],"wp:attachment":[{"href":"https:\/\/associations.lunel.com\/billard-club-lunel\/wp-json\/wp\/v2\/media?parent=849"}],"curies":[{"name":"wp","href":"https:\/\/api.w.org\/{rel}","templated":true}]}}